 273562 a multiple of 46?
True
Is 101 a factor of 59590?
True
Does 366 divide 49398?
False
Is 1178056 a multiple of 242?
True
Is 2818 a multiple of 34?
False
Is 116 a factor of 5059456?
True
Is 278954 a multiple of 65?
False
Is 6576216 a multiple of 124?
True
Is 76 a factor of 86910?
False
Is 36 a factor of 2001096?
True
Is 9000309 a multiple of 2385?
False
Is 3150 a multiple of 75?
True
Does 5 divide 70100?
True
Is 27 a factor of 165644?
False
Is 53 a factor of 39750?
True
Does 429 divide 516516?
True
Does 22 divide 7320981?
False
Is 96204 a multiple of 17?
False
Is 9 a factor of 4505488?
False
Is 83 a factor of 107663?
False
Is 36 a factor of 971856?
True
Is 3276098 a multiple of 7?
True
Does 8 divide 438119?
False
Does 5 divide 33444?
False
Does 96 divide 1959264?
True
Is 25 a factor of 66075?
True
Is 178242 a multiple of 7?
False
Does 8 divide 99092?
False
Does 3 divide 1230?
True
Is 80388 a multiple of 7?
True
Is 1248044 a multiple of 106?
True
Is 51590 a multiple of 65?
False
Does 12 divide 161507?
False
Is 710 a factor of 1981900?
False
Is 1036545 a multiple of 283?
False
Is 25 a factor of 91825?
True
Is 104 a factor of 109512?
True
Is 71 a factor of 2031168?
True
Is 69 a factor of 18591?
False
Is 779872 a multiple of 32?
True
Is 37296 a multiple of 592?
True
Is 16 a factor of 225568?
True
Is 156399 a multiple of 108?
False
Is 12 a factor of 324108?
True
Does 21 divide 424368?
True
Is 267464 a multiple of 134?
True
Does 9 divide 5895?
True
Is 102980 a multiple of 380?
True
Is 395 a factor of 75524?
False
Is 4170240 a multiple of 543?
True
Is 15252 a multiple of 82?
True
Does 118 divide 817650?
False
Is 26 a factor of 690715?
False
Is 24492 a multiple of 8?
False
Does 38 divide 971646?
False
Is 140283 a multiple of 13?
True
Does 49 divide 605065?
False
Is 23 a factor of 58622?
False
Is 98752 a multiple of 49?
False
Is 1196492 a multiple of 781?
True
Is 412580 a multiple of 35?
True
Does 14 divide 394884?
True
Is 161076 a multiple of 113?
False
Is 348524 a multiple of 105?
False
Is 7 a factor of 1673026?
False
Does 12 divide 769404?
True
Is 271217 a multiple of 9?
False
Is 11258496 a multiple of 12?
True
Is 49 a factor of 85264?
False
Is 605675 a multiple of 11?
False
Is 259843 a multiple of 36?
False
Is 18 a factor of 1449?
False
Is 8657201 a multiple of 836?
False
Is 25 a factor of 306975?
True
Is 13 a factor of 948524?
False
Is 66 a factor of 641512?
False
Is 20 a factor of 21180?
True
Is 192060 a multiple of 60?
True
Is 36 a factor of 15698379?
False
Is 180 a factor of 1274760?
True
Is 2623648 a multiple of 33?
False
Does 18 divide 159822?
True
Is 2 a factor of 275731?
False
Is 54 a factor of 20538733?
False
Does 5 divide 206?
False
Is 6404 a multiple of 3?
False
Is 274884 a multiple of 47?
False
Does 34 divide 1357173?
False
Does 55 divide 502700?
True
Does 35 divide 927352?
False
Is 488 a factor of 77676?
False
Is 86995 a multiple of 63?
False
Does 35 divide 7910?
True
Does 69 divide 720015?
True
Is 382 a factor of 55390?
True
Is 14584856 a multiple of 242?
True
Is 4217296 a multiple of 239?
False
Is 11388050 a multiple of 421?
True
Is 171 a factor of 466317?
True
Is 217 a factor of 12346855?
False
Is 66013 a multiple of 2?
False
Is 122449 a multiple of 48?
False
Is 110378 a multiple of 2?
True
Does 41 divide 12141125?
True
Does 24 divide 213838?
False
Does 10 divide 153210?
True
Is 400 a factor of 632176?
False
Does 206 divide 2406492?
True
Is 6895952 a multiple of 368?
True
Does 39 divide 318356?
False
Does 5 divide 16159?
False
Does 187 divide 1164?
False
Does 110 divide 16170?
True
Is 164360 a multiple of 280?
True
Is 15667 a multiple of 333?
False
Is 49 a factor of 1323775?
False
Is 156856 a multiple of 14?
True
Does 2531 divide 31673936?
False
Is 52811 a multiple of 12?
False
Does 30 divide 1387851?
False
Is 12 a factor of 806076?
True
Does 12 divide 929010?
False
Is 313152 a multiple of 336?
True
Is 100 a factor of 339008?
False
Is 10675527 a multiple of 6?
False
Is 720598 a multiple of 116?
False
Does 57 divide 447510?
False
Is 21 a factor of 111090?
True
Is 118932 a multiple of 318?
True
Is 13521 a multiple of 8?
False
Is 250712 a multiple of 7?
True
Is 19 a factor of 836257?
False
Does 594 divide 242500?
False
Is 1071329 a multiple of 7?
True
Is 13 a factor of 791570?
True
Is 434 a factor of 519932?
True
Does 4 divide 564337?
False
Does 74 divide 17371887?
False
Is 270309 a multiple of 672?
False
Is 334950 a multiple of 283?
False
Is 193 a factor of 149189?
True
Does 20 divide 493060?
True
Is 1309266 a multiple of 18?
True
Is 12 a factor of 126288?
True
Does 94 divide 4330956?
True
Does 25 divide 49067?
False
Is 4318428 a multiple of 6?
True
Is 1031587 a multiple of 20?
False
Is 394178 a multiple of 11?
False
Is 440 a factor of 4110040?
True
Is 279510 a multiple of 154?
True
Is 167136 a multiple of 6?
True
Is 133 a factor of 12879184?
False
Does 302 divide 349152?
False
Is 130 a factor of 1917370?
True
Is 233964 a multiple of 42?
False
Is 77007 a multiple of 144?
False
Is 9663755 a multiple of 57?
False
Is 47 a factor of 18045?
False
Is 9 a factor of 1883787?
False
Is 16 a factor of 165936?
True
Is 81 a factor of 7591887?
True
Does 269 divide 328335?
False
Is 2301979 a multiple of 45?
False
Is 9695272 a multiple of 5?
False
Is 753236 a multiple of 583?
True
Is 3 a factor of 44070?
True
Is 122634 a multiple of 112?
False
Is 5 a factor of 296375?
True
Is 254528 a multiple of 82?
True
Is 65500 a multiple of 10?
True
Does 23 divide 29187?
True
Is 22 a factor of 89157?
False
Does 9 divide 225018?
True
Is 274 a factor of 148234?
True
Is 1861240 a multiple of 10?
True
Is 373 a factor of 4117000?
False
Is 13 a factor of 6186492?
True
Is 2496668 a multiple of 29?
True
Is 10 a factor of 1763794?
False
Does 423 divide 5375552?
False
Does 16 divide 1819136?
True
Is 35 a factor of 158626?
False
Is 91 a factor of 1173354?
True
Is 6604900 a multiple of 1285?
True
Is 7562 a multiple of 35?
False
Is 180 a factor of 268168?
False
Is 2394543 a multiple of 99?
False
Is 21 a factor of 665784?
True
Does 53 divide 7311?
False
Is 108978 a multiple of 41?
True
Does 47 divide 21949?
True
Is 13056 a multiple of 12?
True
Does 23 divide 3770983?
False
Is 618519 a multiple of 14?
False
Is 693522 a multiple of 54?
True
Is 37 a factor of 4529757?
False
Is 58716 a multiple of 6?
True
Does 67 divide 20770?
True
Is 163290 a multiple of 15?
True
Is 897638 a multiple of 29?
False
Does 19 divide 37371?
False
Is 1009485 a multiple of 200?
False
Is 3390308 a multiple of 420?
False
Does 3 divide 97610?
False
Is 845568 a multiple of 955?
False
Is 40 a factor of 8880?
True
Is 20 a factor of 110824?
False
Does 13 divide 342823?
True
Is 3 a factor of 3858?
True
Is 66 a factor of 9915510?
True
Is 7036663 a multiple of 72?
False
Is 86 a factor of 15417136?
False
Is 14970315 a multiple of 305?
True
Is 124190 a multiple of 4?
False
Does 183 divide 8819685?
True
Is 29 a factor of 17706?
False
Is 5143402 a multiple of 55?
False
Does 232 divide 1557231?
False
Does 93 divide 124001?
False
Is 296 a factor of 1236741?
False
Does 59 divide 1011732?
True
Is 56513 a multiple of 350?
False
Does 221 divide 14807?
True
Is 5 a factor of 57990?
True
Is 1218087 a multiple of 7?
False
Is 183 a factor of 1287506?
False
Does 51 divide 292536?
True
Is 1659645 a multiple of 15?
True
Is 869490 a multiple of 15?
True
Does 102 divide 940253?
False
Is 4825226 a multiple of 1858?
True
Is 1882462 a multiple of 882?
False
Is 1263507 a multiple of 18?
False
Is 19 a factor of 1658686?
False
Is 1014702 a multiple of 78?
True
Is 136 a factor of 110749?
False
Is 1090073 a multiple of 11?
False
Is 5 a factor of 502580?
True
Is 49 a factor of 29302?
True
Is 100512 a multiple of 24?
True
Does 14 divide 162274?
True
Does 18 divide 40230?
True
Is 607 a factor of 379231?
False
Is 62 a factor of 2117920?
True
Is 85547 a multiple of 277?
False
Does 103 divide 2429976?
True
Does 19 divide 178733?
True
Is 920823 a multiple of 849?
False
Is 1016595 a multiple of 205?
True
Is 72 a factor of 2554755?
False
Is 15 a factor of 2996598?
False
Does 76 divide 7333244?
False
Is 7 a factor of 1062301?
False
Does 78 divide 130182?
True
Is 843464 a multiple of 118?
True
Does 6 divide 155601?
False
Is 300 a factor of 540